mmon divisor of 14546558 and 52?
26
What is the greatest common divisor of 684 and 4753477?
19
What is the greatest common divisor of 13 and 438908665?
13
Calculate the greatest common factor of 25104 and 394704.
48
Calculate the highest common factor of 1393832 and 36396.
1348
What is the greatest common divisor of 41092264 and 17?
17
Calculate the greatest common divisor of 66 and 233673132.
66
What is the greatest common divisor of 179110 and 1885?
5
Calculate the highest common divisor of 30888 and 2918214.
702
Calculate the greatest common factor of 27018 and 3591498.
474
Calculate the highest common factor of 74045 and 460585.
1255
Calculate the greatest common factor of 13728 and 203136.
96
Calculate the greatest common divisor of 3749 and 1432607.
163
Calculate the highest common divisor of 216 and 10091601.
27
Calculate the greatest common divisor of 160289775 and 631.
631
What is the highest common factor of 300 and 694188?
12
Calculate the greatest common divisor of 27522 and 9837864.
2502
What is the highest common factor of 137772 and 24186996?
3204
What is the highest common divisor of 2708811 and 3439?
19
Calculate the highest common factor of 4935 and 3866925.
705
Calculate the highest common divisor of 24616 and 504.
8
What is the highest common factor of 120051 and 19017?
9
Calculate the greatest common divisor of 1162044 and 4569084.
6084
What is the highest common divisor of 8944 and 25136338?
86
Calculate the greatest common divisor of 4641590796 and 516.
516
Calculate the highest common divisor of 923640 and 1075.
215
What is the greatest common divisor of 20239 and 5957?
37
What is the greatest common divisor of 42240163 and 12459?
4153
Calculate the greatest common factor of 7017518 and 13862.
478
What is the highest common factor of 179472 and 184?
8
Calculate the greatest common factor of 476 and 6977327.
119
Calculate the highest common divisor of 1301764 and 32350.
1294
Calculate the highest common factor of 4108 and 1548456.
52
What is the greatest common divisor of 39095240 and 60?
20
What is the highest common divisor of 3896464 and 4004?
572
Calculate the greatest common divisor of 13101107 and 1724.
431
Calculate the highest common factor of 65017364 and 12.
4
What is the highest common divisor of 24415911 and 82134?
3159
What is the greatest common factor of 1431000 and 5302125?
3375
Calculate the greatest common factor of 1911 and 101819991.
1911
What is the greatest common factor of 36499258 and 5667?
1889
Calculate the greatest common factor of 2524 and 1812.
4
Calculate the greatest common divisor of 56448 and 3216948.
588
What is the greatest common factor of 12789 and 1534309119?
12789
Calculate the highest common divisor of 1625677122 and 17.
17
What is the highest common factor of 2509488 and 1946800?
2512
What is the greatest common divisor of 459 and 3610987?
17
What is the highest common factor of 50959450 and 964?
482
Calculate the highest common factor of 171 and 99181197.
171
Calculate the highest common divisor of 1231136 and 39447.
487
Calculate the greatest common factor of 1231 and 131991513.
1231
What is the greatest common divisor of 340830 and 349720?
70
Calculate the highest common factor of 37470249 and 62829.
4833
What is the greatest common factor of 64836 and 836757207?
16209
Calculate the highest common factor of 183 and 12660.
3
What is the greatest common factor of 3 and 6683151?
3
What is the greatest common divisor of 14752 and 21064012?
1844
Calculate the highest common factor of 1872 and 89172.
36
Calculate the greatest common divisor of 39268290 and 60.
30
What is the greatest common factor of 6650 and 1983289350?
6650
What is the highest common factor of 816683 and 1568?
49
Calculate the greatest common factor of 172 and 7029124.
172
Calculate the highest common factor of 151 and 44916762.
151
What is the greatest common divisor of 98 and 121021964?
98
What is the greatest common factor of 49000894 and 111476?
1798
Calculate the highest common divisor of 11780 and 27588.
76
What is the highest common divisor of 83689354 and 5768?
1442
What is the highest common factor of 5076 and 81691956?
108
Calculate the highest common factor of 22937058 and 54.
18
What is the highest common factor of 31654197 and 954?
477
Calculate the highest common factor of 1204 and 6526196.
172
Calculate the highest common factor of 342939 and 50007.
237
Calculate the highest common divisor of 16 and 177402736.
16
What is the greatest common factor of 470244 and 11838?
6
What is the greatest common divisor of 570272 and 79328?
32
Calculate the highest common factor of 891 and 1421208261.
891
Calculate the greatest common divisor of 159460 and 1448272.
1876
What is the highest common factor of 66 and 6252?
6
Calculate the highest common divisor of 28857158 and 308.
22
What is the highest common factor of 29380 and 2476960?
2260
What is the greatest common factor of 16380 and 4713930?
1170
Calculate the greatest common divisor of 34197410 and 130.
130
Calculate the greatest common factor of 4303 and 131196.
13
What is the highest common divisor of 343 and 109816?
7
Calculate the greatest common divisor of 65975 and 6413225.
2275
Calculate the highest common divisor of 1257894865 and 145.
145
What is the highest common factor of 796 and 105208?
4
What is the highest common factor of 8596 and 7952?
28
Calculate the highest common divisor of 9369 and 16851361.
347
What is the greatest common factor of 510138035 and 485?
485
What is the greatest common divisor of 884 and 3334864?
52
Calculate the highest common factor of 105337854 and 3564.
54
Calculate the highest common divisor of 75137 and 150728.
227
What is the greatest common divisor of 26211 and 5983?
1
Calculate the greatest common factor of 1819 and 42058.
17
Calculate the highest common divisor of 2737 and 622673365.
391
What is the highest common divisor of 233888410 and 17350?
3470
Calculate the highest common divisor of 161594972 and 77.
77
What is the highest common divisor of 11602688 and 610?
122
What is the greatest common divisor of 119301 and 532?
133
Calculate the highest common factor of 762105 and 68385.
705
What is the greatest common divisor of 885222 and 1726335?
1521
What is the greatest common factor of 16201 and 12796884?
953
What is the highest common divisor of 2584296 and 123318?
234
What is the greatest common factor of 2653314 and 22494?
978
What is the greatest common divisor of 35 and 2651765?
5
What is the greatest common divisor of 13995 and 19040975?
1555
Calculate the greatest common factor of 356488 and 2651.
11
What is the greatest common divisor of 642 and 8034951?
321
Calculate the greatest common divisor of 127490 and 253650.
190
What is the highest common divisor of 8802 and 378?
54
Calculate the greatest common factor of 798 and 268717.
19
What is the highest common divisor of 20508438 and 6?
6
What is the greatest common divisor of 5206183 and 5213?
401
What is the greatest common divisor of 160968 and 1538727?
1059
Calculate the highest common divisor of 10400 and 9462700.
1300
Calculate the greatest common factor of 30 and 6020670.
30
What is the highest common divisor of 637117823 and 106?
53
What is the highest common factor of 212583 and 12492312?
1113
What is the greatest common factor of 141962565 and 3?
3
Calculate the highest common divisor of 76872 and 38136.
24
Calculate the greatest common factor of 6219 and 1089016.
691
Calculate the highest common factor of 25758 and 19209744.
2862
Calculate the greatest common divisor of 73 and 1719408.
1
What is the highest common factor of 1203617 and 3535?
101
Calculate the highest common divisor of 234 and 133779282.
78
What is the highest common factor of 475919 and 4843?
29
Calculate the highest common factor of 19472515 and 42065.
895
What is the greatest common factor of 1 and 4860719?
1
Calculate the greatest common divisor of 24864 and 9657888.
3552
Calculate the greatest common divisor of 249840 and 5720.
40
What is the highest common factor of 1027845 and 1092?
273
What is the highest common factor of 236916 and 636?
12
Calculate the greatest common divisor of 21628761 and 12885.
2577
Calculate the greatest common factor of 3489467 and 3233.
53
C